s divided by 6?
5
Calculate the remainder when 40 is divided by 7.
5
Calculate the remainder when 812 is divided by 202.
4
What is the remainder when 51 is divided by 37?
14
What is the remainder when 1284 is divided by 1284?
0
Calculate the remainder when 50817 is divided by 110.
107
Calculate the remainder when 206 is divided by 19.
16
What is the remainder when 55 is divided by 46?
9
Calculate the remainder when 8119 is divided by 58.
57
Calculate the remainder when 1213 is divided by 87.
82
Calculate the remainder when 6239 is divided by 28.
23
Calculate the remainder when 159 is divided by 25.
9
Calculate the remainder when 928 is divided by 7.
4
Calculate the remainder when 4237 is divided by 16.
13
What is the remainder when 132 is divided by 83?
49
Calculate the remainder when 245 is divided by 117.
11
Calculate the remainder when 385 is divided by 4.
1
What is the remainder when 3398 is divided by 5?
3
What is the remainder when 1606 is divided by 134?
132
What is the remainder when 4360 is divided by 16?
8
What is the remainder when 70 is divided by 35?
0
Calculate the remainder when 85 is divided by 8.
5
What is the remainder when 104 is divided by 44?
16
What is the remainder when 3687 is divided by 148?
135
Calculate the remainder when 126 is divided by 32.
30
What is the remainder when 154 is divided by 52?
50
Calculate the remainder when 73 is divided by 21.
10
What is the remainder when 27053 is divided by 9015?
8
What is the remainder when 88 is divided by 21?
4
Calculate the remainder when 557 is divided by 114.
101
What is the remainder when 470 is divided by 113?
18
Calculate the remainder when 2484 is divided by 426.
354
Calculate the remainder when 11773 is divided by 3921.
10
Calculate the remainder when 142 is divided by 4.
2
What is the remainder when 326 is divided by 41?
39
What is the remainder when 2588 is divided by 143?
14
What is the remainder when 423 is divided by 309?
114
Calculate the remainder when 666 is divided by 136.
122
What is the remainder when 29 is divided by 4?
1
Calculate the remainder when 3211 is divided by 356.
7
What is the remainder when 279 is divided by 94?
91
Calculate the remainder when 365 is divided by 4.
1
Calculate the remainder when 14865 is divided by 18.
15
Calculate the remainder when 143 is divided by 72.
71
What is the remainder when 314 is divided by 99?
17
What is the remainder when 62 is divided by 28?
6
What is the remainder when 285 is divided by 48?
45
Calculate the remainder when 262 is divided by 5.
2
Calculate the remainder when 299 is divided by 60.
59
What is the remainder when 530 is divided by 480?
50
What is the remainder when 96 is divided by 27?
15
Calculate the remainder when 548 is divided by 10.
8
What is the remainder when 2149 is divided by 514?
93
Calculate the remainder when 357 is divided by 122.
113
What is the remainder when 125 is divided by 21?
20
Calculate the remainder when 1983 is divided by 562.
297
What is the remainder when 131 is divided by 31?
7
What is the remainder when 1083 is divided by 68?
63
Calculate the remainder when 57 is divided by 33.
24
What is the remainder when 451 is divided by 144?
19
What is the remainder when 134 is divided by 65?
4
Calculate the remainder when 73859 is divided by 317.
315
What is the remainder when 454 is divided by 26?
12
Calculate the remainder when 1174 is divided by 98.
96
Calculate the remainder when 63 is divided by 38.
25
Calculate the remainder when 582 is divided by 13.
10
Calculate the remainder when 594 is divided by 33.
0
What is the remainder when 732 is divided by 1?
0
What is the remainder when 598 is divided by 10?
8
What is the remainder when 393 is divided by 36?
33
What is the remainder when 6349 is divided by 127?
126
What is the remainder when 3292 is divided by 47?
2
Calculate the remainder when 1717 is divided by 114.
7
Calculate the remainder when 243 is divided by 85.
73
Calculate the remainder when 202 is divided by 52.
46
Calculate the remainder when 3396 is divided by 1132.
0
Calculate the remainder when 641 is divided by 71.
2
What is the remainder when 1116 is divided by 95?
71
Calculate the remainder when 157 is divided by 8.
5
What is the remainder when 182 is divided by 61?
60
Calculate the remainder when 428 is divided by 56.
36
Calculate the remainder when 106 is divided by 18.
16
Calculate the remainder when 25387 is divided by 21.
19
Calculate the remainder when 89 is divided by 8.
1
Calculate the remainder when 4211 is divided by 15.
11
Calculate the remainder when 2923 is divided by 86.
85
What is the remainder when 511 is divided by 506?
5
Calculate the remainder when 5541 is divided by 14.
11
Calculate the remainder when 232 is divided by 219.
13
Calculate the remainder when 2222 is divided by 106.
102
What is the remainder when 66 is divided by 18?
12
What is the remainder when 4496 is divided by 173?
171
Calculate the remainder when 604 is divided by 18.
10
What is the remainder when 420 is divided by 108?
96
Calculate the remainder when 225 is divided by 19.
16
Calculate the remainder when 83 is divided by 49.
34
What is the remainder when 533 is divided by 265?
3
Calculate the remainder when 37167 is divided by 92.
91
Calculate the remainder when 124 is divided by 34.
22
What is the remainder when 356 is divided by 19?
14
What is the remainder when 1248 is divided by 301?
44
What is the remainder when 172 is divided by 47?
31
Calculate the remainder when 189 is divided by 54.
27
What is the remainder when 185 is divided by 86?
13
Calculate the remainder when 30 is divided by 24.
6
What is the remainder when 390 is divided by 79?
74
What is the remainder when 573 is divided by 81?
6
Calculate the remainder when 569 is divided by 141.
5
What is the remainder when 59 is divided by 15?
14
Calculate the remainder when 85 is divided by 18.
13
Calculate the remainder when 123 is divided by 15.
3
What is the remainder when 606 is divided by 7?
4
What is the remainder when 44 is divided by 25?
19
What is the remainder when 298 is divided by 26?
12
Calculate the remainder when 143 is divided by 49.
45
What is the remainder when 240 is divided by 77?
9
Calculate the remainder when 311 is divided by 26.
25
What is the remainder when 2571 is divided by 1284?
3
What is the remainder when 9397 is divided by 37?
36
What is the remainder when 74 is divided by 3?
2
Calculate the remainder when 217 is divided by 37.
32
What is the remainder when 172 is divided by 94?
78
What is the remainder when 26851 is divided by 29?
26
What is the remainder when 172 is divided by 59?
54
Calculate the remainder when 528 is divided by 106.
104
Calculate the remainder when 4062 is divided by 1015.
2
Calculate the remainder when 38 is divided by 30.
8
Calculate the remainder when 148 is divided by 50.
48
What is the remainder when 1523 is divided by 760?
3
What is the remainder when 38 is divided by 11?
5
Calculate the remainder when 96 is divided by 42.
12
Calculate the remainder when 48 is divided by 22.
4
Calculate the remainder when 1949 is divided by 78.
77
What is the remainder when 10691 is divided by 14?
9
What is the remainder when 1955 is divided by 22?
19
What is the remainder when 1897 is divided by 73?
72
Calculate the remainder when 1519 is divided by 117.
115
Calculate the remainder when 1822 is divided by 73.
70
Calculate the remainder when 212 is divided by 71.
70
Calculate the remainder when 1430 is divided by 44.
22
Calculate the remainder when 46 is divided by 25.
21
What is the remainder when 668 is divided by 86?
66
What is the remainder when 318 is divided by 141?
36
Calculate the remainder when 969 is divided by 41.
26
What is the remainder when 722 is divided by 58?
26
What is the remainder when 324 is divided by 317?
7
What is the remainder when 61 is divided by 22?
17
Calculate the remainder when 622 is divided by 104.
102
What is the remainder when 139 is divided by 47?
45
What is the remainder when 398 is divided by 7?
6
What is the remainder when 749 is divided by 696?
53
Calculate the remainder when 1937 is divided by 643.
8
Calculate the remainder when 1499 is divided by 32.
27
What is the remainder when 52 is divided by 14?
10
Calculate the remainder when 457 